 in base 14?
5a2800
What is -341132020 (base 6) in base 10?
-6217356
Convert 57825 (base 11) to base 8.
243075
What is -1456020 (base 7) in base 12?
-97176
Convert 530125 (base 7) to base 12.
44a0a
Convert 11100101010000001110 (base 2) to base 16.
e540e
f82f3 (base 16) to base 13
297922
Convert 210210120 (base 3) to base 10.
15891
What is 2012212201 (base 3) in base 8?
125203
What is 1751474 (base 8) in base 14?
d4c68
Convert -33777 (base 15) to base 6.
-3301451
What is 1111301333 (base 4) in base 8?
1256177
Convert -35324010 (base 7) to base 14.
-5b1540
Convert 1b1371 (base 16) to base 13.
4a1891
7405 (base 12) to base 8
30605
-63434604 (base 7) to base 9
-11084606
-52243 (base 15) to base 11
-1686a7
2012121022001 (base 3) to base 5
300020203
-100110101010101100010 (base 2) to base 15
-1a0647
Convert -85b94 (base 15) to base 11.
-26aa1a
21232205 (base 6) to base 10
626477
Convert 11103111123 (base 4) to base 7.
14546142
72a60d (base 14) to base 4
32300320111
What is -9235 (base 16) in base 3?
-1220100021
Convert 221202212000 (base 3) to base 4.
1323312030
Convert 10000111001110010111 (base 2) to base 15.
ae1a4
Convert 1bc4d (base 14) to base 4.
101111231
Convert 392a6 (base 13) to base 2.
11001110111001010
What is -5200055 (base 6) in base 14?
-669a3
Convert -14515 (base 13) to base 5.
-2210322
Convert 41032 (base 6) to base 12.
3178
Convert -11100101013 (base 4) to base 10.
-1377351
What is -354012514 (base 6) in base 10?
-6627070
What is 356477 (base 8) in base 12?
5a853
-34112 (base 10) to base 14
-c608
What is 284b (base 16) in base 9?
15131
What is -79c4d (base 14) in base 13?
-a4986
4310411 (base 5) to base 11
4a606
What is -123403103 (base 6) in base 5?
-1104124442
Convert 110454445 (base 7) to base 12.
229758a
What is 1415023 (base 7) in base 2?
101110001001010010
What is 1051304 (base 6) in base 8?
150330
What is 4e390 (base 16) in base 15?
64e00
-402014501 (base 6) to base 15
-8e8ee7
Convert 608058 (base 9) to base 15.
71abe
2263604 (base 7) to base 13
9c73a
Convert 10110111000202 (base 3) to base 16.
1c1390
What is -10110010111100 (base 2) in base 4?
-2302330
What is -1122133211 (base 4) in base 5?
-43330121
What is 54d383 (base 16) in base 12?
1a41143
Convert -4a549 (base 15) to base 11.
-152439
Convert 10324332 (base 5) to base 13.
31886
Convert -10272423 (base 9) to base 10.
-4948797
-2277333 (base 9) to base 11
-771918
What is 36828b6 (base 13) in base 12?
5810888
-10b8f (base 16) to base 12
-3377b
4c18c (base 15) to base 8
733235
Convert -12653a6 (base 11) to base 10.
-2188643
Convert c2921 (base 14) to base 6.
14011533
Convert -52a49 (base 13) to base 15.
-2e200
What is -17268 (base 15) in base 4?
-102100232
What is 266426 (base 8) in base 3?
11202012120
Convert 60806 (base 10) to base 16.
ed86
What is 97302 (base 11) in base 14?
39799
What is 24365643 (base 7) in base 12?
894259
Convert 375632 (base 10) to base 5.
44010012
Convert 2457173 (base 8) to base 13.
1aa3cb
Convert -71532 (base 11) to base 9.
-168254
Convert -110443111 (base 6) to base 2.
-111100111011011110011
Convert 1004460 (base 8) to base 7.
2151061
What is -24a52d (base 15) in base 7?
-20633011
What is -7a608 (base 11) in base 13?
-4106c
What is 10212012212111 (base 3) in base 14?
3b57c3
What is 28161470 (base 9) in base 16?
d45b45
What is 12012121 (base 4) in base 12?
12561
1202211103 (base 4) to base 16
62953
5272329 (base 11) to base 5
4334113300
2202213222 (base 4) to base 5
132303330
Convert -321710 (base 11) to base 8.
-1755100
What is -10114653 (base 7) in base 8?
-3161247
-121110322 (base 4) to base 12
-5004a
What is 90315a (base 11) in base 6?
51053450
Convert -491645 (base 10) to base 2.
-1111000000001111101
Convert 41813 (base 12) to base 15.
1a679
b6868 (base 13) to base 5
41010131
What is 242015 (base 7) in base 4?
22232030
What is 101100010010010110111 (base 2) in base 7?
15222610
Convert 6257414 (base 8) to base 12.
682290
Convert 225bb (base 15) to base 16.
1aaf5
What is 8468c (base 13) in base 16?
3a346
What is -5830007 (base 9) in base 3?
-12221000000021
What is -563656 (base 7) in base 5?
-11143210
Convert -16261877 (base 9) to base 10.
-8130526
Convert 353120014 (base 6) to base 12.
225900a
What is 526a (base 13) in base 16?
2c93
What is 40200112 (base 6) in base 3?
2010200101122
What is 15445113 (base 8) in base 7?
42146033
65832 (base 11) to base 9
155005
What is -32013203 (base 4) in base 15?
-12202
33450366 (base 7) to base 16
2c4bdc
What is 741400 (base 8) in base 7?
2044512
Convert 10240520 (base 7) to base 3.
1122001022212
Convert -423256 (base 7) to base 12.
-3643a
Convert 112000120010120 (base 3) to base 14.
dbd64d
Convert -1323563 (base 10) to base 5.
-314323223
-541a0 (base 14) to base 2
-110001101010000000
What is 288428 (base 10) in base 8?
1063254
What is 2313330322 (base 4) in base 5?
143102331
What is 144442432 (base 5) in base 6?
24423412
What is -23264501 (base 7) in base 14?
-3b4d71
What is 1222120211211 (base 3) in base 13?
2ac118
1002031 (base 7) to base 2
11100111001010101
25337662 (base 8) to base 4
111123332302
Convert 60037 (base 14) to base 7.
1650100
-2551425 (base 6) to base 12
-68575
What is 111411041 (base 5) in base 16?
797ee
What is 59d54 (base 14) in base 2?
110101100100000110
-478074 (base 9) to base 10
-288022
32245 (base 9) to base 3
1002021112
453ac (base 13) to base 12
60a1a
2333170 (base 8) to base 3
1012100011102
What is 235324 (base 13) in base 16?
cd06f
Convert 1000000010001100 (base 2) to base 5.
2023113
Convert 247561 (base 8) to base 14.
2341b
Convert 1202123232 (base 4) to base 5.
100400212
Convert -303704 (base 11) to base 12.
-1b64a5
Convert 10110000000000110010011 (base 2) to base 11.
328a297
53255434 (base 6) to base 10
1562926
Convert -5e620 (base 16) to base 14.
-a0c5a
-2220112000001 (base 3) to base 16
-179509
Convert 405091 (base 12) to base 16.
f522d
What is -13003022011 (base 4) in base 14?
-36163b
-224333405 (base 6) to base 3
-21210000102112
Convert 2512345 (base 6) to base 4.
200232221
What is -1939a4 (base 11) in base 5?
-34014031
Convert 1d491 (base 15) to base 2.
10111010100110000
What is 6da72 (base 15) in base 6?
11300142
Convert -103254 (base 16) to base 13.
-2b21aa
-338242 (base 13) to base 12
-4a870a
Convert -122001100220122 (base 3) to base 4.
-202210100132
Convert 110220101200 (base 3) to base 4.
332000130
-132112221333 (base 4) to base 16
-796a7f
Convert -3324412 (base 6) to base 2.
-101000101111111000
-63343 (base 7) to base 5
-444423
Convert -44305055 (base 6) to base 2.
-101000100111001111011
Convert -b2021 (base 14) to base 4.
-1220200331
1888411 (base 10) to base 12
7709b7
-2024231221 (base 5) to base 9
-7688747
What is -34074 (base 10) in base 8?
-102432
15601462 (base 8) to base 14
69bc54
What is 11010403 (base 5) in base 10?
94478
7bcd2 (base 15) to base 12
1702a5
7675b7 (base 15) to base 3
101121202112001
148355 (base 9) to base 16
1651a
What is -543121 (base 8) in base 13?
-649ca
10120323210 (base 4) to base 2
100011000111011100100
Convert -377204 (base 8) to base 15.
-28acc
Convert 399a8a (base 11) to base 9.
1156660
12112111220 (base 3) to base 16
1a9c4
Convert -3002352 (base 6) to base 10.
-140540
-12330123013 (base 4) to base 13
-4b9748
Convert -1d4e3 (base 15) to base 6.
-2014353
Convert -1007530 (base 8) to base 6.
-5411452
172bc (base 15) to base 4
102101331
What is 100121000111 (base 3) in base 9?
317014
What is 34544364 (base 7) in base 12?
1025239
26f5e (base 16) to base 14
4222a
What is -21665a (base 13) in base 5?
-200113133
Convert -307ade (base 15) to base 3.
-11100001210002
What is -176b1 (base 12) in base 8?
-102045
-12b133b (base 12) to base 3
-20222200120202
Convert -1022200122102 (base 3) to base 11.
-43a884
Convert -614364 (base 7) to base 13.
-38922
Convert -30504112 (base 6) to base 12.
-365038
8a8f93 (base 16) to base 11
5142533
-250032 (base 7) to base 5
-2430032
-176a998 (base 12) to base 7
-56254631
899664 (base 14) to base 2
10001110101001011111000
Convert -23121111 (base 6) to base 5.
-140213332
-203032313 (base 4) to base 3
-21022221212
27302625 (base 8) to base 13
1367970
-3034ae (base 15) to base 5
-1041224224
Convert 168834 (base 13) to base 16.
891de
What is 1112020 (base 5) in base 8?
46263
What is -227049 (base 14) in base